ctors of 2288559.
3, 7, 13, 83, 101
List the prime factors of 18221.
7, 19, 137
What are the prime factors of 11578589?
11, 227, 4637
List the prime factors of 11169582.
2, 3, 23, 29, 2791
List the prime factors of 25176506.
2, 907, 13879
What are the prime factors of 2750375?
5, 22003
List the prime factors of 7543524.
2, 3, 197, 3191
What are the prime factors of 960428?
2, 7, 34301
List the prime factors of 11578357.
7, 236293
What are the prime factors of 381116?
2, 95279
What are the prime factors of 3283099?
191, 17189
List the prime factors of 1541231.
41, 37591
What are the prime factors of 5975720?
2, 5, 149393
What are the prime factors of 660002?
2, 7, 47143
List the prime factors of 58368.
2, 3, 19
What are the prime factors of 718?
2, 359
What are the prime factors of 30427660?
2, 5, 43, 35381
List the prime factors of 105856.
2, 827
What are the prime factors of 9239443?
71, 179, 727
What are the prime factors of 1297629?
3, 31, 4651
What are the prime factors of 219141?
3, 13, 1873
What are the prime factors of 38096?
2, 2381
List the prime factors of 819144.
2, 3, 31, 367
What are the prime factors of 303506?
2, 7, 19, 163
List the prime factors of 511419.
3, 170473
What are the prime factors of 755296?
2, 23603
List the prime factors of 782153.
17, 139, 331
What are the prime factors of 3285217?
13, 252709
List the prime factors of 332305.
5, 41, 1621
What are the prime factors of 3210799?
449, 7151
What are the prime factors of 601230?
2, 3, 5, 7, 409
What are the prime factors of 1173745?
5, 234749
What are the prime factors of 17746580?
2, 5, 443, 2003
What are the prime factors of 131439?
3, 7, 11, 569
What are the prime factors of 13261594?
2, 109, 127, 479
What are the prime factors of 1249809?
3, 11, 313
What are the prime factors of 531132?
2, 3, 7, 6323
What are the prime factors of 1838034?
2, 3, 11, 9283
List the prime factors of 782103.
3, 7, 37243
What are the prime factors of 1069916?
2, 267479
What are the prime factors of 3697658?
2, 397, 4657
List the prime factors of 18099027.
3, 2011003
List the prime factors of 207927.
3, 17, 151
List the prime factors of 1098119.
11, 99829
What are the prime factors of 90493?
13, 6961
List the prime factors of 16293888.
2, 3, 13, 17
List the prime factors of 1243365.
3, 5, 82891
List the prime factors of 357459.
3, 17, 43, 163
What are the prime factors of 1696494?
2, 3, 433, 653
List the prime factors of 1976765.
5, 7, 56479
What are the prime factors of 27662580?
2, 3, 5, 11, 4657
What are the prime factors of 6035218?
2, 7, 37, 61, 191
List the prime factors of 192236.
2, 11, 17, 257
What are the prime factors of 8183509?
19, 22669
What are the prime factors of 262180?
2, 5, 13109
What are the prime factors of 2215303?
2215303
What are the prime factors of 1251530?
2, 5, 7, 19, 941
What are the prime factors of 328553?
101, 3253
What are the prime factors of 624275?
5, 24971
What are the prime factors of 95517?
3, 10613
What are the prime factors of 341117?
7, 48731
What are the prime factors of 409728?
2, 3, 11, 97
List the prime factors of 327126.
2, 3, 54521
List the prime factors of 25840961.
25840961
List the prime factors of 11158485.
3, 5, 13, 57223
What are the prime factors of 564361?
7, 37, 2179
List the prime factors of 1353141.
3, 251, 599
What are the prime factors of 288049?
288049
List the prime factors of 4980174.
2, 3, 43, 97, 199
What are the prime factors of 289932?
2, 3, 37, 653
List the prime factors of 1092432.
2, 3, 11, 2069
List the prime factors of 1117547.
23, 48589
List the prime factors of 6429520.
2, 5, 80369
What are the prime factors of 146452?
2, 19, 41, 47
List the prime factors of 17403682.
2, 17, 511873
What are the prime factors of 23589?
3, 2621
List the prime factors of 3760457.
601, 6257
List the prime factors of 629336.
2, 97, 811
List the prime factors of 35983.
35983
List the prime factors of 2551616.
2, 39869
What are the prime factors of 12774356?
2, 7, 31, 14717
List the prime factors of 334435.
5, 211, 317
What are the prime factors of 190476?
2, 3, 11, 13, 37
What are the prime factors of 1032236?
2, 151, 1709
What are the prime factors of 9617940?
2, 3, 5, 1979
List the prime factors of 328509.
3, 23
List the prime factors of 1397650.
2, 5, 27953
List the prime factors of 4220969.
4220969
List the prime factors of 2489082.
2, 3, 337, 1231
What are the prime factors of 1715024?
2, 37, 2897
List the prime factors of 2729145.
3, 5, 181943
What are the prime factors of 797741?
7, 113963
List the prime factors of 8510277.
3, 2836759
What are the prime factors of 24266?
2, 11, 1103
What are the prime factors of 104070?
2, 3, 5, 3469
List the prime factors of 54048.
2, 3, 563
List the prime factors of 13411095.
3, 5, 894073
What are the prime factors of 3319338?
2, 3, 11, 19, 2647
List the prime factors of 21305722.
2, 509, 20929
List the prime factors of 1530339.
3, 293, 1741
List the prime factors of 1884322.
2, 11, 97, 883
List the prime factors of 149145.
3, 5, 61, 163
List the prime factors of 389462.
2, 19, 37, 277
What are the prime factors of 835274?
2, 11, 37967
What are the prime factors of 4777480?
2, 5, 83, 1439
What are the prime factors of 2781941?
29, 95929
List the prime factors of 2614327.
2614327
What are the prime factors of 455338?
2, 13, 83, 211
List the prime factors of 2239989.
3, 29, 25747
What are the prime factors of 1626874?
2, 151, 5387
List the prime factors of 5256759.
3, 1752253
What are the prime factors of 2602101?
3, 227, 3821
List the prime factors of 494660.
2, 5, 24733
What are the prime factors of 1393070?
2, 5, 7, 2843
List the prime factors of 490955.
5, 149, 659
List the prime factors of 257972.
2, 11, 13, 41
List the prime factors of 96917.
17, 5701
List the prime factors of 664185.
3, 5, 44279
What are the prime factors of 105982?
2, 19, 2789
What are the prime factors of 41316?
2, 3, 11, 313
What are the prime factors of 77792?
2, 11, 13, 17
What are the prime factors of 1991192?
2, 7, 31, 37
List the prime factors of 1900108.
2, 7, 79, 859
List the prime factors of 1154613.
3, 83, 4637
What are the prime factors of 337755?
3, 5, 11, 23, 89
List the prime factors of 195468.
2, 3, 7, 13, 179
What are the prime factors of 59966?
2, 29983
List the prime factors of 31219451.
19, 1643129
List the prime factors of 21397454.
2, 13, 113, 7283
List the prime factors of 1159277.
7, 165611
What are the prime factors of 17222353?
37, 465469
What are the prime factors of 1243245?
3, 5, 82883
List the prime factors of 5141456.
2, 321341
What are the prime factors of 114618?
2, 3, 7, 2729
What are the prime factors of 23707?
151, 157
List the prime factors of 3228196.
2, 631, 1279
List the prime factors of 2594428.
2, 648607
List the prime factors of 5270332.
2, 1317583
What are the prime factors of 16800?
2, 3, 5, 7
List the prime factors of 373692.
2, 3, 11, 19, 149
What are the prime factors of 798895?
5, 159779
What are the prime factors of 842699?
11, 13, 71, 83
List the prime factors of 2974205.
5, 13, 45757
What are the prime factors of 4470658?
2, 2235329
List the prime factors of 413934.
2, 3, 19, 3631
List the prime factors of 182543.
277, 659
List the prime factors of 7929470.
2, 5, 29, 37, 739
What are the prime factors of 139018?
2, 11, 71, 89
List the prime factors of 565291.
449, 1259
List the prime factors of 14482284.
2, 3, 751, 1607
What are the prime factors of 102213?
3, 41, 277
What are the prime factors of 326050?
2, 5, 6521
What are the prime factors of 758480?
2, 5, 19, 499
What are the prime factors of 8589033?
3, 313, 3049
List the prime factors of 755838.
2, 3, 13997
List the prime factors of 1041924.
2, 3, 13, 6679
What are the prime factors of 8348768?
2, 17, 103, 149
List the prime factors of 665129.
97, 6857
List the prime factors of 366597.
3, 7, 11, 23
What are the prime factors of 5374775?
5, 7, 30713
What are the prime factors of 387927?
3, 43103
What are the prime factors of 187843?
187843
What are the prime factors of 13585002?
2, 3, 263, 8609
What are the prime factors of 819036?
2, 3, 22751
What are the prime factors of 547173?
3, 11, 5527
What are the prime factors of 582821?
582821
What are the prime factors of 609887?
609887
List the prime factors of 4923